igit of 292130?
2
What is the units digit of 647893?
3
What is the tens digit of 675455?
5
What is the thousands digit of 889369?
9
What is the ten thousands digit of 4619501?
1
What is the hundreds digit of 1894695?
6
What is the hundreds digit of 8041485?
4
What is the units digit of 224441?
1
What is the hundreds digit of 662222?
2
What is the thousands digit of 512574?
2
What is the hundred thousands digit of 9482200?
4
What is the millions digit of 1275089?
1
What is the units digit of 2556340?
0
What is the ten thousands digit of 983560?
8
What is the tens digit of 330232?
3
What is the thousands digit of 638518?
8
What is the tens digit of 333338?
3
What is the ten thousands digit of 1311176?
1
What is the hundreds digit of 34400?
4
What is the thousands digit of 1586909?
6
What is the millions digit of 2422477?
2
What is the ten thousands digit of 620157?
2
What is the hundreds digit of 850718?
7
What is the ten millions digit of 14825732?
1
What is the tens digit of 5207164?
6
What is the thousands digit of 3982553?
2
What is the ten thousands digit of 361233?
6
What is the units digit of 9447333?
3
What is the hundreds digit of 1156654?
6
What is the ten thousands digit of 9109097?
0
What is the thousands digit of 10490332?
0
What is the tens digit of 794292?
9
What is the ten thousands digit of 123014?
2
What is the thousands digit of 776813?
6
What is the ten thousands digit of 2607659?
0
What is the units digit of 7645384?
4
What is the tens digit of 7202684?
8
What is the units digit of 26435?
5
What is the hundreds digit of 19048782?
7
What is the ten thousands digit of 6354616?
5
What is the hundred thousands digit of 694344?
6
What is the ten thousands digit of 6567434?
6
What is the thousands digit of 74509?
4
What is the tens digit of 221856?
5
What is the units digit of 12363126?
6
What is the tens digit of 240468?
6
What is the hundreds digit of 12772262?
2
What is the thousands digit of 3426618?
6
What is the units digit of 6838?
8
What is the tens digit of 69892?
9
What is the hundreds digit of 5226993?
9
What is the hundred thousands digit of 472064?
4
What is the units digit of 265896?
6
What is the tens digit of 8705207?
0
What is the units digit of 179425?
5
What is the ten thousands digit of 494315?
9
What is the hundreds digit of 1181705?
7
What is the ten thousands digit of 874202?
7
What is the hundreds digit of 22933851?
8
What is the hundred thousands digit of 12297374?
2
What is the tens digit of 6175541?
4
What is the tens digit of 862725?
2
What is the ten thousands digit of 342712?
4
What is the hundreds digit of 84191?
1
What is the tens digit of 1151205?
0
What is the thousands digit of 95027?
5
What is the hundreds digit of 4581595?
5
What is the tens digit of 28593?
9
What is the units digit of 28372711?
1
What is the hundreds digit of 74424?
4
What is the hundred thousands digit of 1525124?
5
What is the tens digit of 15082?
8
What is the tens digit of 1121101?
0
What is the ten thousands digit of 14387615?
8
What is the tens digit of 409612?
1
What is the tens digit of 765463?
6
What is the ten thousands digit of 340943?
4
What is the tens digit of 8158070?
7
What is the hundred thousands digit of 17443037?
4
What is the hundreds digit of 947317?
3
What is the thousands digit of 21503?
1
What is the ten thousands digit of 22126670?
2
What is the hundreds digit of 64756?
7
What is the tens digit of 3933626?
2
What is the units digit of 15819008?
8
What is the units digit of 412824?
4
What is the tens digit of 4668237?
3
What is the thousands digit of 600538?
0
What is the hundreds digit of 677605?
6
What is the tens digit of 1523486?
8
What is the hundreds digit of 771371?
3
What is the ten thousands digit of 2809144?
0
What is the hundred thousands digit of 3009006?
0
What is the hundred thousands digit of 3482217?
4
What is the millions digit of 9859808?
9
What is the tens digit of 2552189?
8
What is the ten thousands digit of 18926706?
2
What is the units digit of 1255141?
1
What is the hundreds digit of 16857653?
6
What is the tens digit of 14991?
9
What is the ten millions digit of 28539828?
2
What is the millions digit of 7295120?
7
What is the tens digit of 1289534?
3
What is the units digit of 4525513?
3
What is the thousands digit of 3621785?
1
What is the thousands digit of 123723?
3
What is the units digit of 3224482?
2
What is the tens digit of 67284?
8
What is the thousands digit of 667773?
7
What is the hundreds digit of 10983797?
7
What is the units digit of 22789324?
4
What is the millions digit of 1742026?
1
What is the hundreds digit of 220749?
7
What is the hundred thousands digit of 3909902?
9
What is the hundreds digit of 53755?
7
What is the hundreds digit of 16709103?
1
What is the units digit of 154595?
5
What is the units digit of 65067?
7
What is the tens digit of 6460052?
5
What is the units digit of 718589?
9
What is the hundred thousands digit of 5012267?
0
What is the hundred thousands digit of 8580696?
5
What is the tens digit of 2855079?
7
What is the hundreds digit of 1827191?
1
What is the units digit of 53795?
5
What is the hundred thousands digit of 855860?
8
What is the thousands digit of 179173?
9
What is the tens digit of 3432848?
4
What is the ten thousands digit of 65603?
6
What is the units digit of 220205?
5
What is the hundreds digit of 1625579?
5
What is the ten thousands digit of 4697502?
9
What is the tens digit of 199836?
3
What is the ten thousands digit of 221898?
2
What is the millions digit of 1706230?
1
What is the units digit of 8258824?
4
What is the ten thousands digit of 1073074?
7
What is the hundred thousands digit of 28283564?
2
What is the tens digit of 61092?
9
What is the tens digit of 1076549?
4
What is the ten thousands digit of 335088?
3
What is the hundred thousands digit of 142194?
1
What is the hundred thousands digit of 103708?
1
What is the thousands digit of 5595582?
5
What is the hundreds digit of 18726837?
8
What is the thousands digit of 6831537?
1
What is the thousands digit of 1285245?
5
What is the hundred thousands digit of 2514057?
5
What is the units digit of 125915?
5
What is the units digit of 670273?
3
What is the units digit of 806411?
1
What is the hundred thousands digit of 2608947?
6
What is the hundred thousands digit of 11947017?
9
What is the hundreds digit of 127694?
6
What is the units digit of 5997132?
2
What is the thousands digit of 170318?
0
What is the ten thousands digit of 1131686?
3
What is the thousands digit of 184100?
4
What is the units digit of 2849431?
1
What is the units digit of 479587?
7
What is the thousands digit of 1759765?
9
What is the millions digit of 4468076?
4
What is the thousands digit of 6170659?
0
What is the tens digit of 265504?
0
What is the units digit of 998608?
8
What is the ten thousands digit of 602338?
0
What is the hundreds digit of 1493231?
2
What is the millions digit of 3143013?
3
What is the tens digit of 7159255?
5
What is the thousands digit of 632136?
2
What is the ten thousands digit of 7326094?
2
What is the hundreds digit of 6947815?
8
What is the hundred thousands digit of 513367?
5
What is the hundreds digit of 311187?
1
What is the units digit of 98687?
7
What is the hundreds digit of 1354853?
8
What is the ten thousands digit of 3353068?
5
What is the tens digit of 116602?
0
What is the millions digit of 1692296?
1
What is the tens digit of 229710?
1
What is the thousands digit of 3191355?
1
What is the ten thousands digit of 965947?
6
What is the millions digit of 1783616?
1
What is the ten thousands digit of 104198?
0
What is the hundreds digit of 2777833?
8
What is the hundred thousands digit of 766937?
7
What is the hundred thousands digit of 210457?
2
What is the thousands digit of 698419?
8
What is the thousands digit of 577197?
7
What is the units digit of 228150?
0
What is the units digit of 2549976?
6
What is the hundreds digit of 336139?
1
What is the tens digit of 93907?
0
What is the ten thousands digit of 305974?
0
What is the tens digit of 7744301?
0
What is the thousands digit of 280071?
0
What is the tens digit of 21827?
2
What is the hundreds digit of 19034129?
1
What is the hundreds digit of 6907190?
1
What is the hundreds digit of 581